{"id":118,"date":"2016-03-14T13:21:12","date_gmt":"2016-03-14T12:21:12","guid":{"rendered":"http:\/\/www.rtbasics.com\/WP_2\/?page_id=118"},"modified":"2016-03-15T11:32:49","modified_gmt":"2016-03-15T10:32:49","slug":"background","status":"publish","type":"page","link":"https:\/\/www.rtbasics.com\/WP_2\/background","title":{"rendered":"Background"},"content":{"rendered":"<body><p>A lo largo de mi trayectoria profesional he conseguido acumular experiencia\u00a0en distintas \u00e1reas de la ingenier\u00eda.<\/p>\n<p>La mayor parte de mi trabajo ha consistido en el desarrollo de hardware y software de equipos industriales de telecontrol en el sector el\u00e9ctrico.<\/p>\n<p>Esto me ha permitido:<\/p>\n<ul>\n<li>Conocer los distintos elementos de hardware que componen una tarjeta basada en microprocesador: memorias, sensores, micros, etc. Entiendo c\u00f3mo funcionan y c\u00f3mo se comunican entre ellos.<\/li>\n<li>Conocer los distintos perif\u00e9ricos que lleva incorporados un microcontrolador.<\/li>\n<li>Conocer c\u00f3mo se va construyendo el software sobre un procesador para arrancarlo, para configurarlo, para integrar el compilador, para poner en marcha el Sistema Operativo y para desarrollar e instalar aplicaciones.<\/li>\n<li>Conocer c\u00f3mo se deber\u00eda estructurar una aplicaci\u00f3n y c\u00f3mo se deber\u00eda estructurar el intercambio de informaci\u00f3n entre sus distintos m\u00f3dulos usando los recursos del SO para conseguirlo de la manera m\u00e1s eficiente y m\u00e1s segura.<\/li>\n<li>Trabajar con muchos\u00a0los protocolos de comunicaciones entre distintos equipos. Entiendo c\u00f3mo funcionan y c\u00f3mo est\u00e1n estructurados, desde los m\u00e1s antiguos hasta los m\u00e1s modernos.<\/li>\n<li>Trabajar con distintas herramientas software para desarrollar y depurar aplicaciones en entornos embebidos.<\/li>\n<\/ul>\n<p>Es por esto y:<\/p>\n<ul>\n<li>porque hoy todos los fabricantes de circuitos ofrecen tarjetas de evaluaci\u00f3n de sus componentes a un precio razonable.<\/li>\n<li>porque se dispone de\u00a0Sistemas Operativos de c\u00f3digo abierto como Linux o los fabricantes los ofrecen sin coste como MQX.<\/li>\n<li>porque se dispone de\u00a0herramientas de desarrollo software sin coste.<\/li>\n<li>porque los dispositivos o sondas de depuraci\u00f3n tienen\u00a0tambi\u00e9n un precio razonable.<\/li>\n<\/ul>\n<p>por lo que con un poquito de entrenamiento y una conexi\u00f3n a Internet se pueden poner en marcha estos \u201cexperimentos\u201d en casa.<\/p>\n<\/body>","protected":false},"excerpt":{"rendered":"<p>A lo largo de mi trayectoria profesional he conseguido acumular experiencia\u00a0en distintas \u00e1reas de la ingenier\u00eda. La mayor parte de mi trabajo ha consistido en el desarrollo de hardware y software de equipos industriales de telecontrol en el sector el\u00e9ctrico. &hellip; <a href=\"https:\/\/www.rtbasics.com\/WP_2\/background\">Continue reading <span class=\"meta-nav\">&rarr;<\/span><\/a><\/p>\n","protected":false},"author":1,"featured_media":0,"parent":0,"menu_order":0,"comment_status":"closed","ping_status":"closed","template":"","meta":{"jetpack_post_was_ever_published":false,"footnotes":""},"class_list":["post-118","page","type-page","status-publish","hentry"],"jetpack_likes_enabled":true,"jetpack_sharing_enabled":true,"jetpack_shortlink":"https:\/\/wp.me\/P4vaHY-1U","_links":{"self":[{"href":"https:\/\/www.rtbasics.com\/WP_2\/wp-json\/wp\/v2\/pages\/118","targetHints":{"allow":["GET"]}}],"collection":[{"href":"https:\/\/www.rtbasics.com\/WP_2\/wp-json\/wp\/v2\/pages"}],"about":[{"href":"https:\/\/www.rtbasics.com\/WP_2\/wp-json\/wp\/v2\/types\/page"}],"author":[{"embeddable":true,"href":"https:\/\/www.rtbasics.com\/WP_2\/wp-json\/wp\/v2\/users\/1"}],"replies":[{"embeddable":true,"href":"https:\/\/www.rtbasics.com\/WP_2\/wp-json\/wp\/v2\/comments?post=118"}],"version-history":[{"count":5,"href":"https:\/\/www.rtbasics.com\/WP_2\/wp-json\/wp\/v2\/pages\/118\/revisions"}],"predecessor-version":[{"id":125,"href":"https:\/\/www.rtbasics.com\/WP_2\/wp-json\/wp\/v2\/pages\/118\/revisions\/125"}],"wp:attachment":[{"href":"https:\/\/www.rtbasics.com\/WP_2\/wp-json\/wp\/v2\/media?parent=118"}],"curies":[{"name":"wp","href":"https:\/\/api.w.org\/{rel}","templated":true}]}}