{"id":139,"date":"2016-03-15T16:41:38","date_gmt":"2016-03-15T15:41:38","guid":{"rendered":"http:\/\/www.rtbasics.com\/WP_2\/?page_id=139"},"modified":"2019-10-27T20:24:34","modified_gmt":"2019-10-27T19:24:34","slug":"perfil","status":"publish","type":"page","link":"https:\/\/www.rtbasics.com\/WP_2\/perfil","title":{"rendered":"Perfil"},"content":{"rendered":"<body><p>rtBasics es un\u00a0proyecto de Juan Serrano.<\/p>\n<p>Puedes consultar mi perfil en LinkedIn <a title=\"Juan Serrano\" href=\"http:\/\/es.linkedin.com\/pub\/juan-serrano-de-dios\/34\/bb4\/81a\/\" target=\"_blank\" rel=\"noopener\">aqu\u00ed<\/a>\u00a0y descargarte mi CV\u00a0<a href=\"http:\/\/www.rtBasics.com\/Downloads\/CV_Juan_Serrano_de_Dios_2019_05.pdf\" target=\"_blank\" rel=\"noopener\">aqu\u00ed<\/a>.<\/p>\n<p>Con m\u00e1s de 25 a\u00f1os de experiencia, habiendo ocupado puestos de responsabilidad en el desarrollo de hardware y software de equipos para la industria en el sector de la energ\u00eda en diferentes empresas como Telvent, Sistemas Avanzados de Control (SAC) o Arteche, me gustar\u00eda usar este espacio para compartir mis inquietudes\u00a0m\u00e1s cercanas a mi \u00e1mbito profesional.<\/p>\n<\/body>","protected":false},"excerpt":{"rendered":"<p>rtBasics es un\u00a0proyecto de Juan Serrano. Puedes consultar mi perfil en LinkedIn aqu\u00ed\u00a0y descargarte mi CV\u00a0aqu\u00ed. Con m\u00e1s de 25 a\u00f1os de experiencia, habiendo ocupado puestos de responsabilidad en el desarrollo de hardware y software de equipos para la industria &hellip; <a href=\"https:\/\/www.rtbasics.com\/WP_2\/perfil\">Continue reading <span class=\"meta-nav\">&rarr;<\/span><\/a><\/p>\n","protected":false},"author":1,"featured_media":0,"parent":0,"menu_order":0,"comment_status":"closed","ping_status":"closed","template":"","meta":{"jetpack_post_was_ever_published":false,"footnotes":""},"class_list":["post-139","page","type-page","status-publish","hentry"],"jetpack_likes_enabled":true,"jetpack_sharing_enabled":true,"jetpack_shortlink":"https:\/\/wp.me\/P4vaHY-2f","_links":{"self":[{"href":"https:\/\/www.rtbasics.com\/WP_2\/wp-json\/wp\/v2\/pages\/139","targetHints":{"allow":["GET"]}}],"collection":[{"href":"https:\/\/www.rtbasics.com\/WP_2\/wp-json\/wp\/v2\/pages"}],"about":[{"href":"https:\/\/www.rtbasics.com\/WP_2\/wp-json\/wp\/v2\/types\/page"}],"author":[{"embeddable":true,"href":"https:\/\/www.rtbasics.com\/WP_2\/wp-json\/wp\/v2\/users\/1"}],"replies":[{"embeddable":true,"href":"https:\/\/www.rtbasics.com\/WP_2\/wp-json\/wp\/v2\/comments?post=139"}],"version-history":[{"count":4,"href":"https:\/\/www.rtbasics.com\/WP_2\/wp-json\/wp\/v2\/pages\/139\/revisions"}],"predecessor-version":[{"id":440,"href":"https:\/\/www.rtbasics.com\/WP_2\/wp-json\/wp\/v2\/pages\/139\/revisions\/440"}],"wp:attachment":[{"href":"https:\/\/www.rtbasics.com\/WP_2\/wp-json\/wp\/v2\/media?parent=139"}],"curies":[{"name":"wp","href":"https:\/\/api.w.org\/{rel}","templated":true}]}}